-2*k**3 + 17*k**2 - 12*k + 37. Suppose -47 + 39 = -w. Let c be q(w). Let d(o) = o**3 - 6*o**2 + 6*o - 7. What is d(c)?
-2
Let f(p) be the second derivative of -p**4/12 + 23*p**3/6 - 34*p**2 + 6*p - 518. Give f(4).
8
Let y(b) be the first derivative of b**4 + b**3/3 - b - 2500. Determine y(1).
4
Let s(m) = -7*m + 7*m - 5 + m**2 + 1 - 13*m. Let q be s(13). Let u(f) = 0 - 4*f + 276*f**2 - 277*f**2 - 1. Calculate u(q).
-1
Let r(z) be the first derivative of z**3/6 - 3*z**2/2 + 266*z - 126. Let o(d) be the first derivative of r(d). Calculate o(2).
-1
Let j(y) = -y - 2*y - 3 + 836628*y**2 - 836630*y**2 + 6*y + 0*y. Let g be (-16)/(-10) - 16/(-40). Determine j(g).
-5
Let l(c) = c**2 + 94*c + 25 - 29*c - 29*c - 48*c. What is l(10)?
5
Let m(l) = l**3 + 72*l**2 + 458*l + 29. Let b be m(-7). Let a(c) = -7*c**2 + 5*c - 9. Let q(x) = -x**3 + x**2 + x - 1. Let p(w) = a(w) - q(w). Give p(b).
24
Let y(h) be the first derivative of -5*h - 62 + 8/3*h**3 + 9/2*h**2 - 1/4*h**4. Give y(9).
-5
Suppose 0 = -3*m + 5*x - x + 13, 3*x + 12 = 0. Let d(o) = -o**2 + 11*o + 3. Let k be d(11). Let y(w) = 8*w**k - w + 18 - 19 + w. Give y(m).
-9
Let c(v) = -101*v**2 - 127*v - 130. Let j(p) = 30*p**2 + 42*p + 43. Let h(r) = 3*c(r) + 10*j(r). Determine h(-1).
-2
Let d(v) = 4*v**2 + v + 3. Let s(g) = -g + 3. Let m be s(6). Let k(b) = -b**2 - b. Let r(p) = m*k(p) - d(p). Let c = 543 + -546. Give r(c).
-18
Let i(b) be the first derivative of -5*b**2/2 - 9*b - 61. What is i(-9)?
36
Suppose -21*w + 3898 = 3877. Let v(r) = 12*r**2 - 4*r + 5. Determine v(w).
13
Suppose -13*j + 26 + 0 = 0. Suppose d = 5, -d + 16 = -3*q + 4*d. Suppose -q = -j*m - 21. Let x(k) = -k**3 - 10*k**2 - 10*k - 12. Determine x(m).
-3
Let v be (23/(-46))/(4/72). Let h(g) = g**3 + 7*g**2 - 16*g - 30. Determine h(v).
-48
Let c(l) = 26*l. Let g(f) = -f**2 + f + 17. Let v be g(0). Let i(o) = -o**2 + 5*o - v - 13 + 25. Let z be i(4). Determine c(z).
-26
Suppose 0 = -o + 3*z - 52 + 387, 3*o - 980 = 4*z. Suppose -36*l + 34*l + o = 0. Suppose -161*b + l*b - 8 = 0. Let n(y) = y**3 + 9*y**2 + 6*y + 6. What is n(b)?
22
Let k(d) = d**2 + 5*d - 7. Let c(m) = 2*m**2 - 20*m + 49. Let n be c(7). Suppose -n*s = -2*s + 30. Give k(s).
-1
Let s be 0 + (580 - 10*12/30). Let h(j) = -285*j**2 + 5*j - 290*j**2 + 5 + s*j**2 + 3. What is h(-6)?
14
Let z(t) = -12*t**2 - t**2 - 4*t + 5*t**2 - 6 + 9*t**2. Suppose -5*f + 51 = 3*s + 10, -5*f - s = -37. Let g(h) = -h**2 + 8*h - 2. Let m be g(f). What is z(m)?
-1
Let r(g) be the second derivative of 2*g**5/5 - 41*g**4/12 + g**3 - 5*g**2 + 1049*g + 4. Calculate r(5).
-5
Let w(h) be the third derivative of h**6/120 - h**5/15 - h**4/12 - h**3/2 + 16329*h**2. Let c = 8 - 4. Give w(c).
-11
Let d(r) = -91*r**3 - 2*r**2 + 2*r. Let l(i) = 389*i + 1. Let x be l(0). What is d(x)?
-91
Let z be (4/24*9)/((-14)/56). Let g(r) = -r - 20. What is g(z)?
-14
Let k(o) = o**2 - 3*o - 6. Let m(l) = -8*l + 23. Let i be m(7). Let w = i + 41. Suppose 20 = -4*q + w*q. Give k(q).
4
Suppose b + 5 + 7 = -3*t, -5*t - 19 = 2*b. Suppose 0 = -b*z + 121 - 160. Let j(i) = -2*i - 13. Determine j(z).
13
Let w = 181 + -40. Let r be ((-3)/4)/(w/(-940)). Let v(j) = j**2 - 4*j - 3. Calculate v(r).
2
Suppose -22*u + 114 = 26. Let d(x) = 4*x**3 - 6*x**2 - 4*x. Let f(v) = 5*v**3 - 7*v**2 - 5*v + 1. Let y(n) = u*d(n) - 3*f(n). Calculate y(3).
-6
Let v(p) = 8 + 4*p - 3*p**2 + p**2 - 21 + 10. Suppose 0 = 4*s + 2*f - 34, 3*f = -s + 28 - 7. Let t be (-3 - (-6)/4)/(s/(-8)). Calculate v(t).
-3
Let v(f) be the third derivative of f**5/60 - f**4/6 - f**3/2 + 62*f**2. Let o be v(5). Let s(w) = 2*w + w**2 - 1 - 4*w**2 + w**3 + 2*w**2. Calculate s(o).
7
Let c(f) = -f**3 - 3*f**2 + 4*f + 2. Suppose 33 = 2*t - 3*n + 36, 0 = 2*t + 2*n + 18. Determine c(t).
86
Suppose 55*h = -80 - 140. Let w(y) = -y**3 - 6*y**2 - 5*y - 1. Give w(h).
-13
Let d(a) be the first derivative of -1/6*a**3 + 13/2*a**2 + 13*a + 3. Let r(q) be the first derivative of d(q). What is r(6)?
7
Let w(c) be the first derivative of -c**7/840 + c**6/60 - c**5/40 + c**4/24 - 37*c**3/3 + c + 78. Let z(t) be the third derivative of w(t). Give z(4).
21
Let h(q) = -7*q**2 - 4*q + 2. Let d be h(2). Let z(n) = -4*n - 127. Determine z(d).
9
Suppose -4*k + 12*v - 40 = 14*v, 3*v = -4*k - 46. Let m(b) = 2*b**2 + 10*b + 2. What is m(k)?
30
Let x = 4830 - 4833. Let y(c) = 6*c**2 + 14*c - 7. Give y(x).
5
Let n(j) = -j**3 - 8*j**2 - 8*j + 6. Let o be n(-7). Let m = -18 + o. Let k(p) = -p**2 - 4*p + 7. Calculate k(m).
2
Let r = 3469 + -3465. Let y(b) be the second derivative of 0 - 2/5*b**5 - 1/3*b**3 + 1/2*b**2 + 1/12*b**r + 8*b. What is y(1)?
-8
Let m be (-82)/(-6) + 19/57. Let l be 0*(14/(-21) + m/12). Let d(u) = u**2 + 3 - 2*u**2 + 2*u + l. Determine d(4).
-5
Let c(r) = -r**2 - 6*r - 11. Let f(u) = -2*u**2 - 4*u - 8. Let h(b) = -3*c(b) + 4*f(b). Let m = -5 + 4. Give h(m).
-6
Let c(r) = 5*r**2 + 6. Let n(x) = x**2 + x - 1. Let t(a) = 2*a**2 + 7*a - 11. Let y(f) = 6*n(f) - t(f). Let s(d) = 5*c(d) - 6*y(d). Determine s(-4).
-8
Let n(k) be the third derivative of -k**6/120 - k**5/60 - k**4/24 + 11*k**3/6 - 847*k**2. Calculate n(0).
11
Let t(h) = 17*h**3 - h**2 + 8*h - 83. Let m(q) = 12*q**3 - q**2 + 6*q - 82. Let j(i) = 3*m(i) - 2*t(i). Give j(0).
-80
Let f(a) = a**2 - 9. Let t(o) = -o**3 + 4*o**2 - 16*o + 45. Let b(d) = -5*f(d) - t(d). Calculate b(7).
14
Let k be -4 + 56/(6 + 1). Let c(o) = 99 - 101 - 10*o + k*o. What is c(-4)?
22
Suppose 18*v - 50 = 8*v. Suppose -7*j + v = -79. Let s(c) = 2*c - 16. Determine s(j).
8
Let a(l) = -l**3 + 9*l**2 - 14*l - 5. Let p be a(7). Let o(j) = -2 - j**3 - 2*j**2 - 4*j**2 + j**2 - 4. Calculate o(p).
-6
Let i(y) = -115*y - 12. Let s(x) = -374*x - 39. Let o(c) = 13*i(c) - 4*s(c). Let z(m) = -m**2 - 3*m - 2. Let f be z(-4). Determine o(f).
-6
Let z(q) be the third derivative of q**5/60 + 7*q**4/24 - 7*q**3/6 + 5882*q**2. Suppose 23 = -3*w + 5. Calculate z(w).
-13
Let f(o) be the first derivative of o**6/36 + o**4/24 - 4*o**3/3 + 160. Let v(r) be the third derivative of f(r). Determine v(-1).
11
Let h(k) be the second derivative of k**5/20 - 2*k**4/3 + 10*k**3/3 - 31*k**2/2 - 843*k. Calculate h(6).
17
Suppose -100*r - 3 = -103*r. Let w(f) = -12*f + 28*f - r - 21*f - f**2. Give w(-4).
3
Let x(l) = -3*l + 20. Let k(b) = b - 8. Let q(z) = 14*k(z) + 6*x(z). Calculate q(12).
-40
Suppose -221 + 211 = -5*f. Let j(h) = 1301*h + 2*h**2 - 1306*h + h**2 - f. What is j(3)?
10
Let h(p) = p**3 + p - 10. Let m(a) = -19582 + a**3 + 5*a - 14*a**2 + 19652 - 2*a**3. Let y be m(-14). Calculate h(y).
-10
Suppose x + 15 = -3*u, 3 - 30 = 3*x + 3*u. Let v(b) = b**3 - 8*b + 2*b - 1316*b**2 + 1321*b**2 + 1. What is v(x)?
1
Let p(v) be the third derivative of v**6/120 - 7*v**5/60 - v**4/8 - 11*v**3/6 + 1227*v**2. What is p(7)?
-32
Let z(c) be the second derivative of -c**4/12 - 10*c + 24. Let y(w) = w + 7. Let i be y(-5). Suppose i*l + 0*l = -2. Calculate z(l).
-1
Let h(t) = t - 11. Let a = 1501 - 1505. What is h(a)?
-15
Let r(q) be the first derivative of -q**4/4 + 2*q**3 + q**2/2 - 20*q + 661. What is r(4)?
16
Let i(w) be the first derivative of w**2 - 2*w - 182. Let a(o) = -o**2 + 7*o - 3. Let d be a(5). Let l = 10 - d. What is i(l)?
4
Suppose -6*o + 1363 = -167. Let u(a) = -114 + a**3 - 8*a**2 + 26*a**2 + a - 122 + o. Give u(-18).
1
Let j(k) be the first derivative of -k**4/4 + 20*k**3/3 - 35*k**2/2 - 21*k - 1615. What is j(18)?
-3
Let a(k) = -9*k + 38. Let l(i) = -20*i + 246. Let g be l(12). What is a(g)?
-16
Let i = 7937 + -7931. Let f(t) = -11*t**3 + 65*t**2 + 7*t - 9. Give f(i).
-3
Let o(v) = 2*v**2 + 14*v + 101. Let i(h) = -h**2 - 14*h - 76. Let x(l) = -8*i(l) - 6*o(l). What is x(7)?
2
Suppose 20*c - 82 + 22 = 0. Let a(n) = -2*n - 1 + 4989*n**2 - n**c - 4989*n**2. Give a(-3).
32
Let i be (19 - 3)*-303*5/(-30). Let f = i + -805. Let n(a) = -10*a - 1. Determine n(f).
-31
Let s(o) = -72*o + 114. Let g(m) = -16*m + 24. Let t(l) = 14*g(l) - 3*s(l). Calculate t(-3).
18
Let h(v) = -v + 4. Suppose -4*b + 280 = -4*q, 8*q = 4*q - 12. Let w = b + -62. Suppose w*m + 16 = 2*d, -m = 2*d + 1 - 5. What is h(d)?
1
Let x(q) = 2*q**2 + 5*q + 5. Let l(g) = 3*g**3 - 22*g**2 - 3*g + 23. Let s be l(9). Let y = -404 + s. Determine x(y).
8
Let c(q) be the second derivative of q**5/20 - q**4/4 + 4*q**3/3 - 3*q*